r of 11401587?
True
Is 439765982 even?
True
Does 132 divide 8586111?
False
Is 360971483 a multiple of 2119?
False
Is 272317760 a multiple of 22?
True
Does 15 divide 18252330?
True
Does 128 divide 127464448?
True
Is 1578670280 a multiple of 10?
True
Is 15643386 a multiple of 123?
True
Is 35810768 a multiple of 28?
True
Does 74 divide 8295085?
False
Does 97 divide 179409260?
True
Is 32 a factor of 1661691520?
True
Is 35 a factor of 2640513820?
True
Is 367027180 a multiple of 3198?
False
Is 20 a factor of 265318036?
False
Is 19694250 a multiple of 450?
True
Is 24111526 even?
True
Is 22335949 even?
False
Does 577 divide 703122968?
True
Is 5 a factor of 33017474?
False
Is 82596665 a multiple of 14?
False
Is 163311096 a multiple of 13?
True
Is 49219690 a multiple of 13?
True
Is 17776011 a multiple of 219?
True
Is 11 a factor of 1073968203?
True
Is 6075 a factor of 2778054975?
True
Is 10 a factor of 144145108?
False
Is 132 a factor of 27976212?
True
Does 874 divide 3080032741?
False
Is 66967195 a multiple of 115?
False
Is 197 a factor of 4733910?
True
Is 208409465 a multiple of 11?
True
Does 72 divide 204416640?
True
Is 48 a factor of 9314702?
False
Is 3 a factor of 31695462?
True
Is 36112970 a multiple of 2?
True
Is 166228335 a multiple of 6615?
True
Is 2019141 a multiple of 9?
True
Is 83493820 a multiple of 263?
False
Does 758 divide 28935134?
True
Is 2284115015 a multiple of 455?
True
Does 747 divide 29286135?
True
Does 248 divide 306672584?
True
Is 32807125 a multiple of 1221?
False
Does 98 divide 14612736?
False
Does 158 divide 3689627218?
True
Does 418 divide 40265940?
True
Is 8 a factor of 930717937?
False
Does 55 divide 266861377?
False
Is 27939330 a multiple of 170?
True
Is 145132807 a multiple of 118?
False
Is 10717400 a multiple of 2419?
False
Is 61090366 a multiple of 315?
False
Is 505455 a multiple of 155?
True
Is 2661 a factor of 105367617?
True
Is 188102835 a multiple of 13?
False
Does 29 divide 1146272278?
False
Is 140 a factor of 8808834?
False
Is 9 a factor of 5583337281?
True
Does 3050 divide 86613900?
True
Is 324498149 a multiple of 539?
False
Is 157 a factor of 727000754?
False
Does 158 divide 5445841040?
False
Is 6 a factor of 1147237062?
True
Is 116 a factor of 116776582?
False
Is 21 a factor of 7297080?
True
Does 472 divide 106595399?
False
Is 2094165111 a multiple of 248?
False
Is 309620025 a multiple of 25?
True
Is 1152119927 a multiple of 119?
False
Is 60330252 a multiple of 534?
True
Does 1681 divide 24495532?
True
Does 1731 divide 242290048?
False
Is 108 a factor of 221137560?
True
Is 5 a factor of 360105?
True
Does 83 divide 6969593?
True
Is 388 a factor of 669966619?
False
Does 282 divide 141055718?
False
Is 429384330 a multiple of 8?
False
Does 76 divide 5866820?
True
Does 463 divide 41779731?
True
Is 2658 a factor of 3737650?
False
Does 775 divide 1021528275?
True
Does 144 divide 462394512?
True
Is 10 a factor of 12661520?
True
Is 65 a factor of 16678155?
True
Is 6527903 a multiple of 81?
False
Is 6 a factor of 78599291?
False
Does 310 divide 35803140?
True
Is 4 a factor of 168585407?
False
Is 58839740 a multiple of 10?
True
Is 17 a factor of 115344745?
True
Is 74 a factor of 617970888?
False
Does 38 divide 57923248?
True
Is 193907901 a multiple of 3946?
False
Is 4 a factor of 23815325?
False
Does 86 divide 15044712?
False
Is 110 a factor of 6590462?
False
Is 31 a factor of 1167322205?
True
Does 663 divide 71291064?
True
Is 42 a factor of 1988880978?
True
Is 14417188 a multiple of 5?
False
Is 17804190 a multiple of 63?
False
Is 162 a factor of 452613201?
False
Does 1884 divide 35596296?
True
Is 1619 a factor of 60231921?
False
Is 121 a factor of 97627022?
False
Does 778 divide 1101964646?
True
Does 4 divide 61876610?
False
Does 38 divide 218746430?
True
Is 36 a factor of 27916269?
False
Is 82 a factor of 64836176?
False
Is 37713814 a multiple of 89?
False
Does 16 divide 122187490?
False
Does 5 divide 83543800?
True
Is 1615 a factor of 255394485?
True
Is 46 a factor of 569056616?
True
Does 2 divide 321409106?
True
Is 34 a factor of 48323317?
False
Is 1038318839 a multiple of 103?
False
Is 345261960 a multiple of 135?
True
Is 764 a factor of 50188612?
False
Does 36 divide 816328389?
False
Does 294 divide 48014610?
True
Does 467 divide 60921084?
True
Does 5 divide 24140918?
False
Is 320 a factor of 103853592?
False
Is 21897063 a multiple of 171?
True
Does 64 divide 87768704?
True
Does 147 divide 34732357?
False
Is 33650584 a multiple of 88?
True
Is 1780999078 a multiple of 814?
False
Is 19464130 a multiple of 109?
True
Is 6 a factor of 30951643?
False
Is 38843020 a multiple of 5?
True
Does 897 divide 373084725?
True
Is 771985980 a multiple of 18?
True
Is 257 a factor of 329975054?
False
Is 16 a factor of 19583185?
False
Does 20 divide 124387660?
True
Is 64846280 a multiple of 109?
True
Is 595 a factor of 573142?
False
Is 5 a factor of 2596802?
False
Does 1054 divide 144257013?
False
Does 58 divide 15256071?
False
Is 222 a factor of 788348418?
True
Is 257788255 a multiple of 1955?
True
Is 179098203 a multiple of 2724?
False
Is 92237172 a multiple of 1181?
False
Is 13 a factor of 5577741?
True
Does 58 divide 99209210?
False
Is 176 a factor of 701552720?
True
Is 139175384 a multiple of 2818?
True
Is 13 a factor of 116625834?
True
Is 55384370 a multiple of 8?
False
Is 401 a factor of 117118065?
True
Is 33883874 a multiple of 6?
False
Does 17 divide 44763380?
True
Does 16 divide 62995008?
True
Is 52463261 a multiple of 88?
False
Is 7124601 a multiple of 363?
True
Does 3 divide 332089?
False
Does 3891 divide 2668136520?
True
Is 40391552 a multiple of 3241?
False
Is 31 a factor of 15324946?
False
Is 2633 a factor of 2480705874?
False
Does 44 divide 132297132?
True
Is 649 a factor of 153847679?
False
Is 68233533 a multiple of 626?
False
Does 11595 divide 933956842?
False
Is 44690717 a multiple of 817?
True
Is 199721214 a multiple of 231?
True
Is 11549208 a multiple of 37?
False
Is 230 a factor of 550278910?
True
Is 22 a factor of 323691640?
False
Does 151 divide 95033156?
False
Is 26835204 a multiple of 69?
True
Is 216 a factor of 167206680?
True
Does 2324 divide 377880738?
False
Is 23 a factor of 383873220?
True
Is 122234227 a multiple of 531?
False
Is 162644384 a multiple of 7?
True
Is 14897032 a multiple of 136?
True
Is 11840359 a multiple of 8?
False
Is 24812688 a multiple of 54?
False
Is 22 a factor of 1046136674?
True
Is 252 a factor of 5617836?
True
Is 65784129 a multiple of 1397?
False
Is 5312133922 a multiple of 125?
False
Does 8597 divide 1010964215?
True
Is 344245888 a multiple of 88?
False
Is 3221214810 a multiple of 1210?
True
Does 430 divide 3003980?
True
Does 369 divide 178456566?
False
Is 1289115532 a multiple of 751?
True
Does 34 divide 37971418?
False
Is 41 a factor of 1524302401?
False
Does 73 divide 17871714?
True
Does 10 divide 320628?
False
Is 1653 a factor of 1933476081?
True
Is 234732883 a multiple of 1251?
False
Is 25 a factor of 28707773?
False
Is 19 a factor of 858753944?
True
Is 44184966 a multiple of 411?
True
Does 26 divide 121367506?
True
Does 5 divide 6408121?
False
Does 27 divide 50744448?
True
Is 389 a factor of 639516319?
False
Does 65 divide 8261038?
False
Is 135933881 a multiple of 5?
False
Is 742 a factor of 394999990?
True
Is 185526580 a multiple of 365?
True
Is 320 a factor of 19924106?
False
Does 1878 divide 130545414?
True
Does 181 divide 2298460550?
False
Is 30 a factor of 129634512?
False
Does 8 divide 2504091473?
False
Does 288 divide 21974427?
False
Is 669 a factor of 3902927286?
False
Is 772 a factor of 40577971?
False
Is 159 a factor of 4039244520?
False
Does 6937 divide 1433995829?
True
Is 99 a factor of 133827705?
True
Is 5199 a factor of 163067053?
False
Is 637 a factor of 9791663?
False
Is 522355656 a multiple of 1707?
True
Does 1087 divide 6597003?
True
Is 146494320 a multiple of 40?
True
Is 97456911 a multiple of 3137?
False
Is 5901686 a multiple of 274?
True
Does 245 divide 485366826?
False
Is 61477475 a multiple of 1210?
False
Is 6380440 a multiple of 40?
True
Does 46 divide 10571766?
True
Is 375 a factor of 19285500?
True
Is 34201437 a multiple of 14?
False
Does 573 divide 66306414?
True
Does 1021 divide 225932691?
False
Is 2585 a factor of 28090018?
False
Is 1204 a f